visor of 11 and 517.
11
Calculate the highest common factor of 30198 and 42.
42
What is the greatest common divisor of 120 and 312?
24
Calculate the highest common divisor of 35 and 1735.
5
What is the greatest common divisor of 3 and 312?
3
Calculate the greatest common divisor of 11 and 54527.
11
What is the greatest common factor of 288 and 64?
32
Calculate the greatest common factor of 24 and 216.
24
What is the highest common factor of 688 and 129?
43
What is the highest common factor of 2082 and 6?
6
Calculate the highest common factor of 992 and 93.
31
What is the greatest common factor of 1043 and 91?
7
Calculate the greatest common factor of 166 and 74.
2
What is the highest common factor of 1356 and 12?
12
Calculate the highest common factor of 410 and 246.
82
Calculate the highest common divisor of 28 and 182.
14
Calculate the greatest common factor of 13 and 429.
13
What is the highest common divisor of 231 and 2625?
21
Calculate the greatest common divisor of 41844 and 33.
33
Calculate the highest common divisor of 171 and 324.
9
Calculate the greatest common factor of 148 and 1184.
148
What is the highest common divisor of 425 and 2635?
85
What is the greatest common divisor of 530 and 26?
2
Calculate the greatest common factor of 272 and 16.
16
What is the greatest common divisor of 53 and 212?
53
What is the highest common divisor of 468 and 108?
36
Calculate the greatest common divisor of 106 and 7632.
106
Calculate the greatest common divisor of 8 and 20.
4
What is the highest common factor of 732 and 61?
61
What is the greatest common factor of 14 and 6?
2
Calculate the highest common factor of 18 and 174.
6
What is the highest common divisor of 630 and 54?
18
What is the highest common factor of 352 and 7920?
176
Calculate the greatest common factor of 9 and 2043.
9
What is the highest common factor of 69 and 506?
23
What is the highest common factor of 131 and 9432?
131
Calculate the greatest common divisor of 544 and 17.
17
Calculate the highest common factor of 847 and 11.
11
Calculate the greatest common factor of 864 and 153.
9
Calculate the highest common divisor of 558 and 124.
62
Calculate the greatest common divisor of 189 and 84.
21
Calculate the greatest common divisor of 273 and 63.
21
Calculate the highest common divisor of 21 and 14.
7
Calculate the greatest common divisor of 171 and 1143.
9
What is the highest common factor of 552 and 690?
138
What is the greatest common divisor of 182 and 56?
14
Calculate the highest common factor of 671 and 11.
11
Calculate the greatest common divisor of 30625 and 25.
25
Calculate the greatest common divisor of 256 and 1.
1
What is the highest common divisor of 128 and 8?
8
What is the highest common factor of 17871 and 63?
21
Calculate the greatest common divisor of 880 and 66.
22
Calculate the highest common divisor of 7 and 54719.
7
Calculate the greatest common divisor of 49 and 763.
7
Calculate the greatest common factor of 783 and 108.
27
What is the highest common factor of 896 and 182?
14
What is the highest common divisor of 1769 and 58?
29
What is the greatest common divisor of 748 and 136?
68
Calculate the highest common factor of 140 and 525.
35
Calculate the highest common factor of 525 and 1295.
35
Calculate the greatest common factor of 20 and 30.
10
Calculate the greatest common factor of 20 and 76.
4
Calculate the greatest common factor of 14 and 1134.
14
What is the highest common factor of 3254 and 2?
2
Calculate the highest common divisor of 44 and 429.
11
What is the highest common divisor of 26846 and 186?
62
Calculate the greatest common factor of 806 and 52.
26
Calculate the greatest common divisor of 66 and 1837.
11
Calculate the highest common divisor of 1024 and 272.
16
Calculate the highest common divisor of 1326 and 153.
51
What is the highest common divisor of 80 and 2264?
8
What is the highest common divisor of 60 and 220?
20
Calculate the greatest common divisor of 16502 and 37.
37
What is the greatest common factor of 159 and 212?
53
What is the highest common divisor of 931 and 49?
49
Calculate the greatest common factor of 12 and 68.
4
What is the highest common factor of 108 and 14?
2
What is the highest common divisor of 65 and 39?
13
What is the highest common factor of 104 and 2548?
52
What is the greatest common factor of 68770 and 230?
230
What is the highest common divisor of 31464 and 18?
18
What is the greatest common divisor of 34496 and 22?
22
What is the greatest common factor of 32 and 8?
8
Calculate the greatest common divisor of 34 and 493.
17
Calculate the highest common divisor of 360 and 80.
40
What is the greatest common divisor of 171 and 3033?
9
Calculate the highest common factor of 22 and 726.
22
Calculate the greatest common divisor of 30 and 75.
15
Calculate the greatest common divisor of 1508 and 232.
116
Calculate the greatest common factor of 77 and 1232.
77
What is the greatest common factor of 231 and 1925?
77
What is the greatest common divisor of 35 and 161?
7
Calculate the greatest common divisor of 376 and 8.
8
What is the highest common factor of 209 and 57?
19
Calculate the highest common factor of 107406 and 442.
442
Calculate the highest common divisor of 54 and 1350.
54
Calculate the greatest common divisor of 44 and 3707.
11
What is the highest common divisor of 3400 and 136?
136
Calculate the greatest common factor of 32 and 3856.
16
Calculate the highest common divisor of 192 and 84.
12
Calculate the greatest common factor of 427 and 4087.
61
What is the greatest common factor of 16 and 2096?
16
What is the highest common divisor of 48 and 84?
12
What is the highest common divisor of 130 and 40?
10
Calculate the greatest common factor of 16 and 48.
16
Calculate the highest common divisor of 56 and 13048.
56
What is the highest common factor of 175 and 50?
25
Calculate the greatest common factor of 114 and 190.
38
Calculate the greatest common divisor of 51 and 153.
51
Calculate the highest common divisor of 128 and 784.
16
What is the greatest common divisor of 6426 and 34?
34
What is the highest common factor of 16332 and 24?
12
Calculate the greatest common factor of 880 and 80.
80
Calculate the highest common factor of 42 and 342.
6
Calculate the greatest common divisor of 50 and 6950.
50
Calculate the greatest common divisor of 37 and 4033.
37
What is the highest common factor of 36 and 8?
4
Calculate the greatest common factor of 276 and 3128.
92
Calculate the greatest common divisor of 30976 and 11.
11
Calculate the greatest common factor of 19 and 2.
1
Calculate the highest common divisor of 770 and 560.
70
What is the highest common divisor of 48 and 13704?
24
Calculate the highest common factor of 34 and 153.
17
Calculate the highest common factor of 144 and 7932.
12
What is the greatest common factor of 169 and 26?
13
Calculate the highest common factor of 35 and 2520.
35
What is the highest common divisor of 17 and 5508?
17
What is the highest common factor of 231 and 528?
33
Calculate the greatest common factor of 1085 and 35.
35
What is the highest common factor of 435 and 29?
29
Calculate the greatest common factor of 267 and 84.
3
Calculate the highest common divisor of 91 and 13.
13
Calculate the greatest common divisor of 22 and 198.
22
What is the highest common factor of 150 and 60?
30
What is the greatest common divisor of 23 and 9407?
23
What is the greatest common divisor of 87 and 464?
29
What is the highest common divisor of 1920 and 360?
120
What is the highest common divisor of 2478 and 483?
21
What is the greatest common divisor of 186 and 42?
6
What is the highest common factor of 162 and 18?
18
Calculate the highest common divisor of 2401 and 49.
49
What is the greatest common divisor of 213 and 9?
3
What is the greatest common divisor of 11 and 88?
11
Calculate the greatest common divisor of 6532 and 92.
92
Calculate the highest common factor of 2183 and 37.
37
Calculate the highest common divisor of 4470 and 149.
149
Calculate the greatest common factor of 70 and 406.
14
What is the highest common divisor of 285 and 1045?
95
What is the greatest common divisor of 36 and 486?
18
Calculate the greatest common factor of 26 and 51259.
13
Calculate the greatest common